-g + 9. Suppose 27*n - 32*n - 975 = 0. Let v = -189 - n. What is f(v)?
3
Suppose -15*o - 24*o + 2*o = 11*o. Let k(w) = w**3 - 3*w**2 - 2*w + 4. Calculate k(o).
4
Let g(v) = -v**3 + v**2 + 4*v + 10. Let q(j) = 2*j**3 - 2*j**2 - 8*j - 19. Let m(h) = 7*g(h) + 4*q(h). Calculate m(5).
74
Suppose 0 = -u - u - 2. Let z(p) be the third derivative of -p**8/448 - p**7/2520 + p**4/2 + 87*p**2. Let d(k) be the second derivative of z(k). Give d(u).
14
Let l(g) = 3*g**3 + 5*g - 5. Let r be l(2). Let n = r + -15. Let v(a) = -11 + 28 - 13 - a - n. What is v(0)?
-10
Let d(p) = 14*p + 42. Suppose 14 = 32*o - 25*o + 35. Calculate d(o).
0
Suppose 9*b - 13*b - 24 = 0. Let c(o) = 32*o**2 - 7*o - 7 + 37*o**2 - 141*o**2 + 35*o**2 + 36*o**2. Calculate c(b).
-1
Let x be (9 + -4 + 5)/(16 + -11 - 4). Let m(p) = -9*p + 95. Determine m(x).
5
Let s(t) be the third derivative of t**6/120 - t**5/15 + 7*t**4/24 - t**3 - 6588*t**2. What is s(6)?
108
Let n = 82 + -72. Suppose -5*h = -0*h + n. Let b be (4/(-1))/((-4)/(0 + h)). Let j(q) = q**2 - q + 2. What is j(b)?
8
Let b(o) be the third derivative of -o**6/40 - o**5/20 - 5*o**4/24 - o**3/6 - 3451*o**2. Calculate b(-2).
21
Let g(h) = -18*h**3 - h - 1. Let q be g(-1). Let l(i) = -i + 23. Let m be l(q). Suppose -8*o = -13 + m. Let t(p) = 15*p + 1. Calculate t(o).
16
Let c(s) = -s**2 + s + 6. Let w = 29 - 9. Let b(x) = x**2 - 21*x + 24. Let z be b(w). Let d be c(z). Let l(k) = k**2 + 3*k + 3. Give l(d).
21
Let l = -1411 + 1404. Let a(f) = -3*f**2 + f. Let i(w) = -4*w**2 - 1. Let h(d) = 5*a(d) - 4*i(d). Determine h(l).
18
Suppose 2*p + 2 = -2. Let h(o) be the third derivative of 0*o - 1/60*o**5 - 1/6*o**3 + 0 - 9*o**2 - 1/24*o**4. Give h(p).
-3
Let q(k) be the second derivative of -k**3/6 - k**2 - 43*k. Let c be (11*(-3 - -4))/1. Suppose 0 = -10*v + c*v. Calculate q(v).
-2
Let d(n) = -n**2 + 13*n - 16. Let u be d(11). Suppose 8*q - 86 = -u. Let i(s) = -3*s + q + s**3 + 2*s + 10 - 16. Determine i(0).
4
Let t(n) = -2*n**2 + 3*n**2 + 215 - 218 - n**3. Let x be -6*(24/9 + -3). Suppose 3*r + x*u = -r - 4, 4 = 4*r - 2*u. Give t(r).
-3
Let w(i) = 16*i - 9*i**2 + 63 - i**2 - 6*i**2 - 5*i**2 + i**3. Give w(20).
-17
Let b(c) = -5*c - 11. Let g(t) be the second derivative of 7*t**3/3 + 16*t**2 - 10*t - 5. Let r = -8 + 5. Let s(i) = r*g(i) - 8*b(i). Give s(-7).
6
Let j = 0 + 0. Let t(h) be the first derivative of h**4/4 - h**3/3 - h**2/2 + 35*h + 4337. Calculate t(j).
35
Let u = -1 - -1. Let a(j) = -6 + 4*j - 3*j + u*j. Suppose n - 10 = p, 4*n - 2*p = 28 + 4. Determine a(n).
0
Let d = -346 - -325. Let y be (154/d - -7)*-12. Let t(q) = -q**3 + 4*q**2 + 2*q - 1. What is t(y)?
7
Let u(a) = a**2 - 2*a + 4. Let o be u(4). Let h be o/(-9) + 40/(-45)*-6. Suppose 0 = -0*k - 3*k - 3, 5*n + h = k. Let x(c) = -9*c**2 - c - 1. Give x(n).
-9
Let n be ((-12)/(-5))/((-24)/160). Let x(a) be the second derivative of a**3/3 + 11*a**2 + 1298*a + 5. What is x(n)?
-10
Let d(z) = z**3 - 37*z - 83. Let m = -23360 - -23357. What is d(m)?
1
Let r = -8 - -2. Let g(f) = 4*f**2 + 149*f**3 - 2*f + 155*f**3 - 451*f**3 + 2*f**2 + 148*f**3 - 5. Determine g(r).
7
Let s(h) be the second derivative of -h**5/10 - h**4/12 - h**3/3 + 3*h**2/2 + 23*h. Suppose l = 3*l - 5*x + 6, x = 3*l - 4. Calculate s(l).
-21
Suppose 4*v + 2*g - 66 = 0, 0 = 5*v - 0*g + g - 87. Let o(a) = -a + v*a**3 + 7 - 19*a**3 + 3*a - 5*a**2. Let t be (-1 + 1 - -5)/(-25 - -24). Calculate o(t).
-3
Suppose 159*d - 157*d = 5*q + 55, -2*d + 10 = 0. Let x(c) = c - 1. Let p(h) = -h**2 - 5*h - 10. Let k(s) = -p(s) + 5*x(s). What is k(q)?
-4
Let t(f) = 8*f**2 + 7*f + 3. Let b(d) = 9*d**2 + 8*d + 4. Let o(m) = -5*b(m) + 6*t(m). Let u = 86 - 58. Let y = u + -26. What is o(y)?
14
Let x(d) = -3. Let a(t) be the second derivative of t**3/3 + 7*t**2 - 2*t + 42. Let c(p) = -a(p) - 3*x(p). Calculate c(-4).
3
Let c = 427 - 416. Let m(z) = 1 + 6*z + 5 + c*z + 2*z - 23*z. Determine m(5).
-14
Let y(w) = -3*w**2 + 35*w - 30 - 196*w + 130*w. What is y(-1)?
-2
Let d(t) be the second derivative of t**4/12 + t**3 - 3*t**2/2 + 15*t - 2. Let f(v) be the first derivative of d(v). Calculate f(-6).
-6
Let y(b) = -b**2 - 44*b + 249. Let l be y(-49). Let i(n) be the second derivative of 0 + 7/6*n**3 + 1/12*n**l + 3/2*n**2 - 3*n. Calculate i(-4).
-9
Let p(i) be the second derivative of 0 - 1/12*i**4 + 3*i**2 - 30*i + i**3. Suppose d - 13 = -o - d, -2*d + 20 = 2*o. Calculate p(o).
-1
Let a(n) = 5*n**2 - n + 1. Let z be (8 - 117/18)/(2/12). Let c be z - (-1 + (17 - 8)). Determine a(c).
5
Let p(a) = -a**2 + 3*a. Let l(z) = z**3 + 14*z**2 - 34*z - 2. Let y(q) = -l(q) - 11*p(q). Suppose 3 = 2*m - m. Suppose -2*v - m = -v. What is y(v)?
-1
Let z(o) = -o**3 + o**2 - 2*o - 46. Suppose -4*f + 11*f - 9*f = 7*f. Calculate z(f).
-46
Let f(j) = j**2 + j - 1. Let w(o) = 22*o**2 + 4*o - 5. Let s be (0 - -3)/3*-1. Let i(l) = s*w(l) + 6*f(l). Suppose 16*x - 16 = -0. Give i(x).
-15
Let b = -29 - -33. Suppose 3*y = -b*y - 28. Let u(c) be the first derivative of -c**2/2 - 5*c + 5. What is u(y)?
-1
Let h(z) = z**3 + 24*z**2 + 25*z + 47. Let d = -5621 + 5598. Determine h(d).
1
Let b(w) = -2 + 2 + w. Let l(a) = -34*a + 4. Let j(r) = -90*r + 11. Let p(z) = 3*j(z) - 8*l(z). Let u(g) = -3*b(g) + p(g). Calculate u(-3).
4
Let x = 297 - 289. Let t(v) = 6*v - 6 + 3*v - x*v - 7. Calculate t(11).
-2
Let d(y) be the third derivative of -y**6/120 + 17*y**5/60 - 3*y**4/4 + 35*y**3/6 + 5430*y**2. What is d(16)?
3
Let q = 5202 + -5181. Let u(b) = -b**2 - 10*b - 4. Let f be u(-6). Suppose -i = -g + 6*g - q, f = -5*i. Let y(d) = d**2 - 7*d - 2. Give y(g).
-12
Suppose -p - 41 = -72. Let z(u) = -31*u + 0*u**2 - u**2 + p*u. Give z(-4).
-16
Let g(q) be the second derivative of -17 + 3/2*q**3 - 3*q**2 - q - 1/12*q**4. Give g(5).
14
Let v be -8 + (6 - (-3 - -1)). Let t(o) be the third derivative of 17*o**2 + 0*o + 1/8*o**4 - 2/3*o**3 + v. What is t(4)?
8
Let f(a) = -2*a**2 + 12*a + 5. Let w be -4 - (1 + 1)/((-2)/10). Let r(z) = -z**2 + 7*z + 3. Let s(m) = w*f(m) - 11*r(m). Determine s(-4).
1
Let b = -406 - -406. Let h(j) = 38*j - j**3 + 40*j - 2*j**2 - 3*j**2 + b*j**2 - 71*j + 4. Give h(-6).
-2
Let n(v) = v**3 - 6*v**2 - 2*v + 7. Suppose 0 = -5*a + 3*x + 42, -x = 3*a + 3*x - 31. Suppose -7*k + 3*k - h + 21 = 0, 2*k = -h + a. Calculate n(k).
-5
Let t(p) = p**2 - 15*p + 22. Let w be t(13). Let h be 3/(w - (-57)/12). Let y(n) = 3 - 4*n - 1 + 10*n - 4 - n**2. Give y(h).
6
Let s be (-2)/(-2) + (9 - 22 - (-33)/3). Let i(f) = -9*f + 4. Give i(s).
13
Let s be (-57)/12 + -1 + -5 + (-230)/(-40). Let d(b) = b**3 + 6*b**2 + 7*b - 1. Determine d(s).
-11
Let d(r) = -r**3 + r**2 - 3*r - 1. Suppose -6*y + 234 = -4938. Let n = -864 + y. Calculate d(n).
17
Let c be 36873/(-34)*(2/(-6) - -1). Let x = -715 - c. Let t(a) = a**3 - 9*a**2 + 7*a + 16. What is t(x)?
8
Let b be 1/1*(-3)/(-1) + (-760)/152. Let g(x) = 3*x**3 - 3*x**2 - x - 2. Calculate g(b).
-36
Let k(i) = -i. Let h be k(-5). Let y(p) = 115 + 122 + 122 - p - 365. Give y(h).
-11
Let n(t) = t**3 - 10*t**2 + 9*t - 1. Suppose -2 = -h + 4. Suppose 2*c - 12 = -3*l, -16 = -2*c + 2*l + h. Give n(c).
-1
Suppose 3*j + 4*d = 2, 9 = 6*j - 3*j - 3*d. Suppose -12 = -j*a - a, 2*t - 5*a = 2. Let n(c) = c**2 - 10*c - 12. Calculate n(t).
-1
Let j(d) = -d**3 + d + 1. Let r be j(2). Let v(m) be the first derivative of m**2 + 8*m - 14852. Calculate v(r).
-2
Suppose -85*u + 737 = -18*u. Let x(h) be the second derivative of -u*h + 1/12*h**4 - 5/3*h**3 + 0 + 4*h**2. Give x(7).
-13
Let q = 31 + -10. Let h = 29 - q. Let f(v) be the second derivative of -v**5/20 + 2*v**4/3 + v**3/3 + 3*v**2/2 + v + 32. Calculate f(h).
19
Let q(n) = -15 + n**3 + 0*n**3 - 75*n + 13*n**2 + 86*n. Let s(d) = -2*d**2 - 10*d - 20. Let w be s(-4). Give q(w).
-3
Suppose 2*z + 5*b = -1107, 543 = 9*z - 10*z + b. Let w = z - -538. Let m(d) = -d**3 - 9*d**2 - 11*d. Determine m(w).
24
Suppose 8*r - 11*r - 6 = 0. Let y be ((-10)/4 - -4)*r. Let f(c) = -c**2 - c - 2. Give f(y).
-8
Let n(c) = -112 + 20*c - 114 + 234. Let y(h) = 9*h + 4. Let k(f) = -4*n(f) + 9*y(f). Calculate k(-3).
1
Let i(v) be the second derivative of 19*v**3/6 + 2*v**2 + 561*v. Determine i(-1).
-15
Let s(w) = -11*w**2 + 0*w + 2 - 2*w**2 + 2*w - 10*w**2. Let y be s(-1). Let n = y + 30. Let l(f) = f**2 - 8*f + 1. Give l(n).
-6
Let r(o) =